{"id":317,"date":"2026-04-27T23:11:03","date_gmt":"2026-04-27T23:11:03","guid":{"rendered":"https:\/\/new.crossingoverlatam.bio\/?page_id=317"},"modified":"2026-04-27T23:59:11","modified_gmt":"2026-04-27T23:59:11","slug":"eventos-enmarcados","status":"publish","type":"page","link":"https:\/\/crossingoverlatam.bio\/?page_id=317","title":{"rendered":"Eventos Enmarcados"},"content":{"rendered":"\t\t<div data-elementor-type=\"wp-page\" data-elementor-id=\"317\" class=\"elementor elementor-317\" data-elementor-post-type=\"page\">\n\t\t\t\t<div class=\"elementor-element elementor-element-39e80082 e-con-full hero-particles e-flex e-con e-parent\" data-id=\"39e80082\" data-element_type=\"container\" data-e-type=\"container\">\n\t\t<div class=\"elementor-element elementor-element-13051a5f hero-particles e-flex e-con-boxed e-con e-child\" data-id=\"13051a5f\" data-element_type=\"container\" data-e-type=\"container\" data-settings=\"{&quot;background_background&quot;:&quot;classic&quot;}\">\n\t\t\t\t\t<div class=\"e-con-inner\">\n\t\t<div class=\"elementor-element elementor-element-76acc9fe e-con-full e-flex elementor-invisible e-con e-child\" data-id=\"76acc9fe\" data-element_type=\"container\" data-e-type=\"container\" data-settings=\"{&quot;animation&quot;:&quot;fadeInLeft&quot;}\">\n\t\t\t\t<div class=\"elementor-element elementor-element-40bd5509 elementor-widget elementor-widget-heading\" data-id=\"40bd5509\" data-element_type=\"widget\" data-e-type=\"widget\" data-widget_type=\"heading.default\">\n\t\t\t\t\t<h2 class=\"elementor-heading-title elementor-size-default\">Eventos Enmarcados<\/h2>\t\t\t\t<\/div>\n\t\t\t\t<\/div>\n\t\t<div class=\"elementor-element elementor-element-5126d450 e-con-full e-flex e-con e-child\" data-id=\"5126d450\" data-element_type=\"container\" data-e-type=\"container\">\n\t\t\t\t<div class=\"elementor-element elementor-element-50535245 elementor-widget-divider--view-line elementor-invisible elementor-widget elementor-widget-divider\" data-id=\"50535245\" data-element_type=\"widget\" data-e-type=\"widget\" data-settings=\"{&quot;_animation&quot;:&quot;fadeInLeft&quot;}\" data-widget_type=\"divider.default\">\n\t\t\t\t\t\t\t<div class=\"elementor-divider\">\n\t\t\t<span class=\"elementor-divider-separator\">\n\t\t\t\t\t\t<\/span>\n\t\t<\/div>\n\t\t\t\t\t\t<\/div>\n\t\t\t\t<\/div>\n\t\t\t\t\t<\/div>\n\t\t\t\t<\/div>\n\t\t\t\t<\/div>\n\t\t<div class=\"elementor-element elementor-element-d95ed62 e-flex e-con-boxed elementor-invisible e-con e-parent\" data-id=\"d95ed62\" data-element_type=\"container\" data-e-type=\"container\" data-settings=\"{&quot;animation&quot;:&quot;fadeInUp&quot;}\">\n\t\t\t\t\t<div class=\"e-con-inner\">\n\t\t\t\t<div class=\"elementor-element elementor-element-293b7f4 elementor-widget elementor-widget-text-editor\" data-id=\"293b7f4\" data-element_type=\"widget\" data-e-type=\"widget\" data-widget_type=\"text-editor.default\">\n\t\t\t\t\t\t\t\t\t<p>Cada edici\u00f3n de <strong>Crossing Over \u2013 LATAM BioExpo<\/strong> servir\u00e1 tambi\u00e9n como plataforma para que el pa\u00eds anfitri\u00f3n organice y d\u00e9 visibilidad a sus eventos nacionales de ciencia, innovaci\u00f3n y desarrollo productivo. De esta forma, se maximiza el impacto local, se articulan agendas estrat\u00e9gicas y se potencia la proyecci\u00f3n internacional del ecosistema del pa\u00eds sede.<br \/>Para la edici\u00f3n 2026, tenemos confirmados dos eventos nacionales, y quedan m\u00e1s por confirmar:<\/p>\t\t\t\t\t\t\t\t<\/div>\n\t\t\t\t\t<\/div>\n\t\t\t\t<\/div>\n\t\t<div class=\"elementor-element elementor-element-ad31e8f e-flex e-con-boxed elementor-invisible e-con e-parent\" data-id=\"ad31e8f\" data-element_type=\"container\" data-e-type=\"container\" data-settings=\"{&quot;animation&quot;:&quot;fadeInUp&quot;}\">\n\t\t\t\t\t<div class=\"e-con-inner\">\n\t\t<div class=\"elementor-element elementor-element-dac22da e-con-full e-flex e-con e-child\" data-id=\"dac22da\" data-element_type=\"container\" data-e-type=\"container\">\n\t\t\t\t<div class=\"elementor-element elementor-element-9ff9cc7 elementor-widget elementor-widget-image\" data-id=\"9ff9cc7\" data-element_type=\"widget\" data-e-type=\"widget\" data-widget_type=\"image.default\">\n\t\t\t\t\t\t\t\t\t\t\t\t\t\t\t<img fetchpriority=\"high\" decoding=\"async\" width=\"800\" height=\"800\" src=\"https:\/\/crossingoverlatam.bio\/wp-content\/uploads\/2026\/04\/UNSAM.png\" class=\"attachment-large size-large wp-image-323\" alt=\"\" srcset=\"https:\/\/crossingoverlatam.bio\/wp-content\/uploads\/2026\/04\/UNSAM.png 1009w, https:\/\/crossingoverlatam.bio\/wp-content\/uploads\/2026\/04\/UNSAM-300x300.png 300w, https:\/\/crossingoverlatam.bio\/wp-content\/uploads\/2026\/04\/UNSAM-150x150.png 150w, https:\/\/crossingoverlatam.bio\/wp-content\/uploads\/2026\/04\/UNSAM-768x768.png 768w\" sizes=\"(max-width: 800px) 100vw, 800px\" \/>\t\t\t\t\t\t\t\t\t\t\t\t\t\t\t<\/div>\n\t\t\t\t<\/div>\n\t\t<div class=\"elementor-element elementor-element-009de2f e-con-full e-flex e-con e-child\" data-id=\"009de2f\" data-element_type=\"container\" data-e-type=\"container\">\n\t\t\t\t<div class=\"elementor-element elementor-element-45e3067 elementor-widget elementor-widget-heading\" data-id=\"45e3067\" data-element_type=\"widget\" data-e-type=\"widget\" data-widget_type=\"heading.default\">\n\t\t\t\t\t<h2 class=\"elementor-heading-title elementor-size-default\">Congreso Argentino de Prote\u00ednas Alternativas<\/h2>\t\t\t\t<\/div>\n\t\t\t\t<div class=\"elementor-element elementor-element-155e79f elementor-widget elementor-widget-text-editor\" data-id=\"155e79f\" data-element_type=\"widget\" data-e-type=\"widget\" data-widget_type=\"text-editor.default\">\n\t\t\t\t\t\t\t\t\t<p>Dos d\u00edas completos de congreso organizado por el UNSAM AltProtein Project, con el apoyo del Good Food Institute.<\/p>\t\t\t\t\t\t\t\t<\/div>\n\t\t\t\t<\/div>\n\t\t\t\t\t<\/div>\n\t\t\t\t<\/div>\n\t\t<div class=\"elementor-element elementor-element-7e645a3 e-flex e-con-boxed elementor-invisible e-con e-parent\" data-id=\"7e645a3\" data-element_type=\"container\" data-e-type=\"container\" data-settings=\"{&quot;animation&quot;:&quot;fadeInUp&quot;}\">\n\t\t\t\t\t<div class=\"e-con-inner\">\n\t\t<div class=\"elementor-element elementor-element-dfe6653 e-con-full e-flex e-con e-child\" data-id=\"dfe6653\" data-element_type=\"container\" data-e-type=\"container\">\n\t\t\t\t<div class=\"elementor-element elementor-element-818ce04 elementor-widget elementor-widget-image\" data-id=\"818ce04\" data-element_type=\"widget\" data-e-type=\"widget\" data-widget_type=\"image.default\">\n\t\t\t\t\t\t\t\t\t\t\t\t\t\t\t<img decoding=\"async\" width=\"800\" height=\"113\" src=\"https:\/\/crossingoverlatam.bio\/wp-content\/uploads\/2026\/04\/Nucleate-1024x144.png\" class=\"attachment-large size-large wp-image-322\" alt=\"\" srcset=\"https:\/\/crossingoverlatam.bio\/wp-content\/uploads\/2026\/04\/Nucleate-1024x144.png 1024w, https:\/\/crossingoverlatam.bio\/wp-content\/uploads\/2026\/04\/Nucleate-300x42.png 300w, https:\/\/crossingoverlatam.bio\/wp-content\/uploads\/2026\/04\/Nucleate-768x108.png 768w, https:\/\/crossingoverlatam.bio\/wp-content\/uploads\/2026\/04\/Nucleate-1536x215.png 1536w, https:\/\/crossingoverlatam.bio\/wp-content\/uploads\/2026\/04\/Nucleate.png 1740w\" sizes=\"(max-width: 800px) 100vw, 800px\" \/>\t\t\t\t\t\t\t\t\t\t\t\t\t\t\t<\/div>\n\t\t\t\t<\/div>\n\t\t<div class=\"elementor-element elementor-element-fe373b3 e-con-full e-flex e-con e-child\" data-id=\"fe373b3\" data-element_type=\"container\" data-e-type=\"container\">\n\t\t\t\t<div class=\"elementor-element elementor-element-2f74929 elementor-widget elementor-widget-heading\" data-id=\"2f74929\" data-element_type=\"widget\" data-e-type=\"widget\" data-widget_type=\"heading.default\">\n\t\t\t\t\t<h2 class=\"elementor-heading-title elementor-size-default\">Final Pitch de G\u00e9nesis 2026<\/h2>\t\t\t\t<\/div>\n\t\t\t\t<div class=\"elementor-element elementor-element-68131e5 elementor-widget elementor-widget-text-editor\" data-id=\"68131e5\" data-element_type=\"widget\" data-e-type=\"widget\" data-widget_type=\"text-editor.default\">\n\t\t\t\t\t\t\t\t\t<p>El Final Pitch del programa G\u00e9nesis del cap\u00edtulo argentino de la ONG global Nucleate. Creada para y por estudiantes de Doctorado.<\/p>\t\t\t\t\t\t\t\t<\/div>\n\t\t\t\t<\/div>\n\t\t\t\t\t<\/div>\n\t\t\t\t<\/div>\n\t\t\t\t<\/div>\n\t\t","protected":false},"excerpt":{"rendered":"<p>Eventos Enmarcados Cada edici\u00f3n de Crossing Over \u2013 LATAM BioExpo servir\u00e1 tambi\u00e9n como plataforma para que el pa\u00eds anfitri\u00f3n organice y d\u00e9 visibilidad a sus eventos nacionales de ciencia, innovaci\u00f3n y desarrollo productivo. De esta forma, se maximiza el impacto local, se articulan agendas estrat\u00e9gicas y se potencia la proyecci\u00f3n internacional del ecosistema del pa\u00eds [&hellip;]<\/p>\n","protected":false},"author":2,"featured_media":0,"parent":0,"menu_order":0,"comment_status":"closed","ping_status":"closed","template":"elementor_header_footer","meta":{"footnotes":""},"class_list":["post-317","page","type-page","status-publish","hentry"],"_links":{"self":[{"href":"https:\/\/crossingoverlatam.bio\/index.php?rest_route=\/wp\/v2\/pages\/317","targetHints":{"allow":["GET"]}}],"collection":[{"href":"https:\/\/crossingoverlatam.bio\/index.php?rest_route=\/wp\/v2\/pages"}],"about":[{"href":"https:\/\/crossingoverlatam.bio\/index.php?rest_route=\/wp\/v2\/types\/page"}],"author":[{"embeddable":true,"href":"https:\/\/crossingoverlatam.bio\/index.php?rest_route=\/wp\/v2\/users\/2"}],"replies":[{"embeddable":true,"href":"https:\/\/crossingoverlatam.bio\/index.php?rest_route=%2Fwp%2Fv2%2Fcomments&post=317"}],"version-history":[{"count":13,"href":"https:\/\/crossingoverlatam.bio\/index.php?rest_route=\/wp\/v2\/pages\/317\/revisions"}],"predecessor-version":[{"id":335,"href":"https:\/\/crossingoverlatam.bio\/index.php?rest_route=\/wp\/v2\/pages\/317\/revisions\/335"}],"wp:attachment":[{"href":"https:\/\/crossingoverlatam.bio\/index.php?rest_route=%2Fwp%2Fv2%2Fmedia&parent=317"}],"curies":[{"name":"wp","href":"https:\/\/api.w.org\/{rel}","templated":true}]}}